+ 3?
-120210
In base 16, what is 5 - 1560a0?
-15609b
In base 10, what is -1 + 22752?
22751
In base 3, what is 222122221 + -11?
222122210
In base 9, what is 4 - 10528?
-10524
In base 5, what is 3130 + -22?
3103
In base 7, what is -2 + 550140?
550135
In base 14, what is -1d3d9b + -5?
-1d3da2
In base 8, what is 271 - 25627?
-25336
In base 8, what is 46530 + -12?
46516
In base 10, what is -53130 - -5?
-53125
In base 11, what is -16 + -4405?
-4420
In base 3, what is -222212111021 + 1?
-222212111020
In base 4, what is -102 + -120320?
-121022
In base 8, what is -11764 - 31?
-12015
In base 12, what is 966 - -609?
1373
In base 3, what is -100122011 + -111?
-100122122
In base 13, what is -2a00 - -29?
-29a4
In base 11, what is 329 - -957?
1185
In base 10, what is 3648 + 335?
3983
In base 6, what is -4 - 1121344?
-1121352
In base 13, what is -38 - -b49?
b11
In base 5, what is 1 + -33241422?
-33241421
In base 12, what is 22 + -973?
-951
In base 2, what is 1110000010101 + 11?
1110000011000
In base 5, what is -14134411 + 12?
-14134344
In base 15, what is 16b - -18d?
309
In base 16, what is -1 - 247a2?
-247a3
In base 14, what is 3 + 1bd593?
1bd596
In base 5, what is 334403 - -10?
334413
In base 13, what is -2a2919 + 0?
-2a2919
In base 9, what is -371263 - -22?
-371241
In base 7, what is -144 + 4525?
4351
In base 13, what is -2005 - 43?
-2048
In base 6, what is -20022 - 5?
-20031
In base 9, what is 3 + 607311?
607314
In base 2, what is 1010010101 + 11101100?
1110000001
In base 5, what is 4 + 2043?
2102
In base 10, what is -3 - -6448?
6445
In base 16, what is 256 - 78?
1de
In base 13, what is 3 + -86876?
-86873
In base 6, what is -231113 - 5?
-231122
In base 11, what is -55431 - 4?
-55435
In base 3, what is -121 - 222211?
-1000102
In base 6, what is -13542 - 32?
-14014
In base 4, what is 201 - 22002?
-21201
In base 14, what is -125 + -3a?
-161
In base 16, what is 122c - -5f?
128b
In base 4, what is -11 + 120001130?
120001113
In base 5, what is -1110442001 + -3?
-1110442004
In base 15, what is 4 + -4650e?
-4650a
In base 3, what is -101110 - -111?
-100222
In base 2, what is -10101101101 + -11010?
-10110000111
In base 12, what is 12523 - -5?
12528
In base 15, what is -4 - d7d?
-d82
In base 8, what is 4 - 2252303?
-2252277
In base 6, what is 3 + -103251?
-103244
In base 2, what is -10000101111 + -1101010?
-10010011001
In base 14, what is -1179 + 5?
-1174
In base 16, what is 1d - 1e?
-1
In base 7, what is 566606 - 44?
566532
In base 15, what is -2b5 - 172?
-437
In base 4, what is 3 - -2103203110?
2103203113
In base 9, what is -601548 - 2?
-601551
In base 14, what is 555cd - 10?
555bd
In base 14, what is bb41c5 - -4?
bb41c9
In base 3, what is -102012 - 201?
-102220
In base 6, what is 5 + 5140352?
5140401
In base 3, what is 1001100220 + -11200?
1001012020
In base 9, what is 16573 + -435?
16137
In base 3, what is 221 + 10120002?
10121000
In base 8, what is 407106 - -22?
407130
In base 6, what is 51 + -4235?
-4144
In base 11, what is -3854a + 48?
-38502
In base 16, what is -7d6 - -ba8?
3d2
In base 9, what is -10 - -570645?
570635
In base 2, what is 1010110 - -11100011?
100111001
In base 7, what is 33 + -6316?
-6253
In base 16, what is 2 - 12c0?
-12be
In base 3, what is 212121 + 102001011?
102220202
In base 16, what is -573f - 4?
-5743
In base 11, what is 1276 - -1a?
1295
In base 10, what is 141096 + 1?
141097
In base 11, what is -a2 - -259?
167
In base 2, what is 10111010010000 - -1011?
10111010011011
In base 4, what is -23122 + 312?
-22210
In base 14, what is -11 + -10c16?
-10c27
In base 11, what is 160 + a0a?
106a
In base 3, what is -221000112 - -1?
-221000111
In base 3, what is 1 - 22000001?
-22000000
In base 8, what is 1 + 2203721?
2203722
In base 12, what is -279071 + 4?
-279069
In base 16, what is -2 + 63cb4?
63cb2
In base 10, what is -3 - -521283?
521280
In base 3, what is -1 + -121010220?
-121010221
In base 14, what is 12 + -acb?
-ab9
In base 7, what is 1112445 + -5?
1112440
In base 9, what is 13 - 15704?
-15681
In base 11, what is 4893 - -3?
4896
In base 7, what is -23 - -436251?
436225
In base 11, what is 2 + -11178?
-11176
In base 14, what is -1a + b92b?
b911
In base 8, what is 640265 - -14?
640301
In base 13, what is -70a62 - -19?
-70a46
In base 5, what is -3 + -300043?
-300101
In base 14, what is 1a - 722?
-706
In base 11, what is 8 - 23299?
-23291
In base 3, what is -1210102 - 11022201?
-20010010
In base 3, what is -1 + -1121021120120?
-1121021120121
In base 11, what is -467 + 315?
-152
In base 6, what is -1 + 42141?
42140
In base 15, what is 2e8b5 - -2?
2e8b7
In base 11, what is 477613 + -5?
477609
In base 7, what is 662054 - -15?
662102
In base 2, what is -101111111100 + -101010?
-110000100110
In base 14, what is -53c14 - 3?
-53c17
In base 10, what is -1630835 - 0?
-1630835
In base 10, what is 53380 - 1?
53379
In base 13, what is 6b - -769?
807
In base 14, what is -302 + 26?
-2ba
In base 6, what is 3 - 15501235?
-15501232
In base 15, what is 4 + 1e64d4?
1e64d8
In base 8, what is -560 + 6664?
6104
In base 16, what is -4a - 5f8?
-642
In base 6, what is -3 + 340242?
340235
In base 7, what is -40321562 + 4?
-40321555
In base 4, what is -33 - -222113?
222020
In base 3, what is -2220 - 101220?
-111210
In base 2, what is 1000 + 1010010101010011?
1010010101011011
In base 12, what is -21 + 67b?
65a
In base 3, what is 100 + 2022121122122?
2022121122222
In base 16, what is -1c - -5bc5?
5ba9
In base 4, what is -3110311023 - 3?
-3110311032
In base 3, what is 1112221 - -21012?
1211010
In base 9, what is -35527 - -135?
-35382
In base 5, what is -320 - -102?
-213
In base 9, what is 1020 + -44?
865
In base 11, what is 310 + 691?
9a1
In base 16, what is 2933 + -24?
290f
In base 10, what is -4 + -1761?
-1765
In base 7, what is 2522444 + 2?
2522446
In base 2, what is 10 - -1010010001111?
1010010010001
In base 12, what is 58b9 - -4?
5901
In base 12, what is 21 + 40756?
40777
In base 11, what is 5 + 55419?
55423
In base 16, what is 10 + -ce1?
-cd1
In base 5, what is -1243 - -43140?
41342
In base 16, what is 5 + 29c7?
29cc
In base 9, what is 51 + 21072?
21133
In base 3, what is -222122201 + -2?
-222122210
In base 9, what is 140142 - 5?
140136
In base 4, what is -2200 - -132111?
123311
In base 14, what is -16 + a3c?
a26
In base 10, what is -59 + -276?
-335
In base 14, what is -71a50 - -2?
-71a4c
In base 10, what is -51 + 22868?
22817
In base 2, what is 101 + -10110000001010?
-10110000000101
In base 12, what is 106527 + 2?
106529
In base 14, what is 4cba + 54?
4d30
In base 4, what is 1010 - 2?
1002
In base 7, what is 125451 + -5?
125443
In base 6, what is -52 - -1350?
1254
In base 16, what is -5 - -2685?
2680
In base 11, what is -30493 - 2?
-30495
In base 14, what is -37 - 11a7?
-1200
In base 14, what is 5 + 582b0?
582b5
In base 2, what is 10111001 - -100000010?
110111011
In base 3, what is 1112200 - 202222?
202201
In base 7, what is -1244 - 200?
-1444
In base 3, what is 2 + 2110010002?
2110010011
In base 3, what is 22001110 + -1021?
22000012
In base 5, what is 0 + 2011142?
2011142
In base 13, what is -2845 - 0?
-2845
In base 13, what is 16 - -6b9?
702
In base 6, what is -5 + 512553?
512544
In base 12, what is b97b63 - -3?
b97b66
In base 7, what is -55232 - -61?
-55141
In base 3, what is -22 - -220010?
212211
In base 4, what is -13 + -33322122?
-33322201
In base 2, what is 101101100001111011 + 10?
101101100001111101
In base 13, what is -48 + -59b1?
-5a29
In base 15, what is -5 - -1727ab?
1727a6
In base 7, what is -111 + 45456?
45345
In base 15, what is 166 - 12?
154
In base 15, what is 418 + -183?
285
In base 13, what is -10c5 - 7?
-10cc
In base 8, what is -30217 + -1?
-30220
In base 8, what is -16556 - -75?
-16461
In base 7, what is 4 - 2631012?
-2631005
In base 16, what is b6 - d?
a9
In base 3, what is 1200100000000 + 10?
1200100000010
In base 12, what is -9085 + -7?
-9090
In base 7, what is -356 - -25166?
24510
In base 14, what is -7a9d - 12?
-7ab1
In base 14, what is 79a + 349?
b05
In base 16, what is 3261f + 4?
32623
In base 15, what is 2 - 2161?
-215e
In base 6, what is -42 + 22145?
22103
In base 10, what is 3 - 7294?
-7291
In base 12, what is -4 - 1273?
-1277
In base 8, what is 21251 - 16?
21233
In base 16, what is -3 - -391?
38e
In base 9, what is 801 - -145?
1046
I